63 a composite number?
True
Is 105564569573 a composite number?
False
Is 8493702589 composite?
False
Is 193511557 a prime number?
False
Is 60681974 a composite number?
True
Is 276219361 a composite number?
True
Is 258814406 composite?
True
Is 340583753 a prime number?
False
Is 1608399607 a composite number?
False
Is 20972195021 prime?
False
Is 447034607 a composite number?
False
Is 183670181479 a prime number?
True
Is 29203638481 prime?
False
Is 102287303465 a prime number?
False
Is 7843327351 a prime number?
False
Is 158664361129 a prime number?
True
Is 1349505349 a composite number?
False
Is 529997858905 composite?
True
Is 18100491779 a prime number?
True
Is 2931053077 composite?
False
Is 902529283 a composite number?
False
Is 24824912009 prime?
True
Is 62095771001 prime?
False
Is 70051067 a composite number?
True
Is 10340775187 a prime number?
True
Is 19885745183 a prime number?
False
Is 133616143649 a composite number?
True
Is 40753963 prime?
True
Is 43723375357 a prime number?
True
Is 6035025569 a composite number?
False
Is 907380161 a composite number?
True
Is 772197233 a prime number?
False
Is 8677844059 a prime number?
True
Is 509496587 prime?
True
Is 2565569033 prime?
True
Is 324972439 prime?
False
Is 48425892874 prime?
False
Is 118406573 composite?
False
Is 2627819543 prime?
False
Is 338919499 composite?
False
Is 1120962097 a prime number?
True
Is 312128507 a composite number?
False
Is 24545033 a composite number?
True
Is 438913571 prime?
True
Is 283211659 a composite number?
True
Is 1070488961 a composite number?
False
Is 469305523 a composite number?
True
Is 12478167967 composite?
False
Is 5799784999 a prime number?
True
Is 750809789 a composite number?
True
Is 14827815929 composite?
True
Is 12660064447 a prime number?
True
Is 75887553881 prime?
True
Is 5959253 composite?
False
Is 570555977 a prime number?
True
Is 124042991209 composite?
False
Is 28841759917 prime?
True
Is 800681287 prime?
False
Is 5515604773 a composite number?
True
Is 21659799277 a prime number?
True
Is 36944060483 composite?
True
Is 100542119 composite?
False
Is 630787333 a composite number?
True
Is 24978418867 a prime number?
False
Is 16886616089 a prime number?
False
Is 51499057 a prime number?
True
Is 1647892567 a prime number?
False
Is 1763726203 a composite number?
False
Is 1282145521 a prime number?
True
Is 24247668817 composite?
False
Is 129062822243 a prime number?
False
Is 173626231 a prime number?
True
Is 358634777 a prime number?
True
Is 287468387 a composite number?
True
Is 15653520529 prime?
False
Is 37689852481 composite?
True
Is 134749266541 a composite number?
False
Is 2183648627 composite?
False
Is 64043734 a prime number?
False
Is 30710548189 a composite number?
True
Is 3308334401 a prime number?
True
Is 47403240257 prime?
False
Is 9154567733 a prime number?
False
Is 451387451 composite?
True
Is 58957638533 a prime number?
False
Is 279074330741 prime?
True
Is 18444763 a composite number?
True
Is 2348350541 prime?
True
Is 13139625661 a prime number?
True
Is 155339399 a prime number?
False
Is 1436411423 prime?
False
Is 51668783 prime?
True
Is 33506338169 composite?
True
Is 373402693 prime?
False
Is 808419269 composite?
True
Is 96372569413 composite?
True
Is 26562541769 composite?
True
Is 27256772579 composite?
False
Is 1320419293 composite?
True
Is 6689324359 prime?
True
Is 24586769 a composite number?
False
Is 322163986 composite?
True
Is 6759627298 composite?
True
Is 337483249 a composite number?
True
Is 14286783317 a composite number?
False
Is 101452591 a prime number?
False
Is 21730631971 a composite number?
True
Is 2152797155 composite?
True
Is 2932270753 composite?
False
Is 1207438607 a prime number?
False
Is 6857932273 prime?
True
Is 3296406959 composite?
True
Is 232722253 composite?
False
Is 1943682679 a prime number?
False
Is 5618340439 a prime number?
False
Is 1459473979 composite?
False
Is 190588576715 prime?
False
Is 624652943 composite?
True
Is 15704641663 prime?
True
Is 4111673573 prime?
False
Is 42418376579 a composite number?
False
Is 57941323447 prime?
False
Is 165578867 a composite number?
False
Is 32520194513 prime?
True
Is 1078358521 prime?
True
Is 9794022307 composite?
False
Is 3478184383 a prime number?
True
Is 698111849 a composite number?
False
Is 5615635981 a composite number?
False
Is 23903327033 composite?
False
Is 5650432901 composite?
True
Is 2409970565 a prime number?
False
Is 217889627 a prime number?
True
Is 444891389 prime?
False
Is 2129882642 a composite number?
True
Is 8694239459 prime?
False
Is 511958912285 prime?
False
Is 15386895031 a prime number?
True
Is 130471700851 a prime number?
False
Is 3676069757 a prime number?
True
Is 496459193 composite?
True
Is 4604928343 a composite number?
False
Is 10224274301 prime?
True
Is 17060853127 composite?
False
Is 5789948141 composite?
True
Is 1107330397 a prime number?
True
Is 1190615518 composite?
True
Is 2535367 prime?
True
Is 407214521 a prime number?
False
Is 383694799 composite?
True
Is 83148679213 a composite number?
True
Is 997328903 a prime number?
True
Is 2591672621 a prime number?
True
Is 782576611 a prime number?
True
Is 14158230517 a composite number?
False
Is 78842061205 a composite number?
True
Is 407478691 composite?
False
Is 3321303191 a composite number?
True
Is 5615809127 prime?
True
Is 5936509343 composite?
False
Is 387637319 composite?
False
Is 12785484023 prime?
False
Is 768902341 a prime number?
False
Is 568687101 a prime number?
False
Is 669156599 a prime number?
False
Is 11466599303 prime?
False
Is 16436539417 a composite number?
False
Is 27008954141 prime?
False
Is 7177823519 composite?
False
Is 4797212681 composite?
False
Is 388002647 a prime number?
True
Is 180049717 composite?
False
Is 132556969 composite?
False
Is 257722637 composite?
False
Is 403616667 a prime number?
False
Is 7276290409 a composite number?
True
Is 13171283117 prime?
True
Is 6127829927 a prime number?
True
Is 601479187 a prime number?
False
Is 9684790915 a prime number?
False
Is 3023632349 composite?
False
Is 676546847 a prime number?
True
Is 1072603951 a composite number?
False
Is 1728696007 a prime number?
True
Is 624705203 a composite number?
False
Is 760810049 prime?
True
Is 31591470967 a prime number?
False
Is 27133289941 a prime number?
True
Is 10493911921 prime?
True
Is 15846674 a composite number?
True
Is 6806253353 a composite number?
False
Is 69929436327 composite?
True
Is 440641254017 prime?
False
Is 44230946303 a prime number?
False
Is 446790961 a prime number?
False
Is 1136715773 a prime number?
True
Is 5203889387 prime?
True
Is 1837238017 composite?
False
Is 1081681044863 prime?
True
Is 5852460577 prime?
False
Is 219404043499 composite?
False
Is 3435166411 a composite number?
False
Is 79717650353 a prime number?
False
Is 82567553561 a prime number?
True
Is 20921151289 a composite number?
False
Is 585721219 a prime number?
False
Is 8407204921 prime?
False
Is 284065412507 a composite number?
True
Is 365194220063 prime?
True
Is 19523965387 a prime number?
False
Is 20605948151 composite?
False
Is 1195332829 composite?
False
Is 882862937 a prime number?
False
Is 87414248197 composite?
True
Is 2977848239 a prime number?
False
Is 3346387981 a prime number?
False
Is 2246734247 a prime number?
True
Is 8192756683 a prime number?
False
Is 1213670147 prime?
True
Is 439854377 a composite number?
True
Is 6082347093 prime?
False
Is 22517373847 composite?
False
Is 795315977 prime?
False
Is 105632257 composite?
False
Is 3043085321 a prime number?
True
Is 167105636237 composite?
True
Is 1732004221 a prime number?
True
Is 1407792077 prime?
True
Is 318164507 composite?
True
Is 63770299517 a composite number?
True
Is 109728916357 composite?
False
Is 15492039845 a prime number?
False
Is 2392772191 a prime number?
True
Is 755354801 composite?
False
Is 70041972563 composite?
False
Is 22107946549 a prime number?
False
Is 3312441497 a composite number?
False
Is 19221007723 a composite number?
True
Is 314474089 prime?
True
Is 11758507277 a composite number?
True
Is 43290014503 a prime number?
True
Is 37589125159 a composite number?
False
Is 52316964811 prime?
True
Is 265782437483 prime?
True
Is 138976303 a composite number?
True
Is 273301544287 a prime number?
True
Is 21299807897 